True
Is 7881 a multiple of 17?
False
Does 55 divide 2353875?
False
Is 29141264 a multiple of 113?
False
Does 86 divide 8447092?
True
Does 79 divide 313314?
True
Is 178 a factor of 626819?
False
Does 17 divide 1029003?
False
Does 36 divide 406260?
True
Is 147660 a multiple of 1070?
True
Is 912 a factor of 6390831?
False
Is 313 a factor of 299854?
True
Is 52 a factor of 1989416?
True
Does 9 divide 147585?
False
Does 213 divide 2992822?
False
Is 7376240 a multiple of 82?
False
Does 8 divide 67554?
False
Is 1198239 a multiple of 743?
False
Does 109 divide 3379?
True
Does 33 divide 150273?
False
Does 21 divide 2635857?
True
Is 410336 a multiple of 23?
False
Is 79 a factor of 1587844?
False
Is 8208116 a multiple of 15?
False
Is 91513 a multiple of 30?
False
Does 79 divide 6715?
True
Is 5851218 a multiple of 94?
True
Does 30 divide 45280?
False
Is 24 a factor of 189829?
False
Is 12 a factor of 3818086?
False
Is 1985507 a multiple of 33?
False
Is 10806649 a multiple of 900?
False
Is 10335159 a multiple of 461?
True
Is 56 a factor of 603400?
True
Is 464 a factor of 330368?
True
Is 131 a factor of 1197340?
True
Does 74 divide 274466?
True
Is 40081 a multiple of 17?
False
Does 55 divide 27191?
False
Is 73 a factor of 2654312?
False
Is 1688937 a multiple of 204?
False
Is 80349 a multiple of 7?
False
Is 834601 a multiple of 19?
False
Is 18 a factor of 3386684?
False
Does 104 divide 135417?
False
Does 498 divide 1895549?
False
Does 28 divide 50148?
True
Is 1107740 a multiple of 194?
True
Does 40 divide 180789?
False
Is 13 a factor of 50400?
False
Is 1184 a factor of 4052548?
False
Is 121 a factor of 126006?
False
Does 1407 divide 10143063?
True
Is 170606 a multiple of 10?
False
Is 134310 a multiple of 330?
True
Is 2534181 a multiple of 39?
True
Is 2 a factor of 2834684?
True
Does 20 divide 43947?
False
Is 99978 a multiple of 57?
True
Is 24 a factor of 57912?
True
Does 8 divide 187335?
False
Is 289222 a multiple of 76?
False
Is 764 a factor of 10916032?
True
Does 251 divide 56475?
True
Is 340 a factor of 471271?
False
Does 118 divide 1479366?
True
Is 112577 a multiple of 221?
False
Does 10 divide 201024?
False
Is 9 a factor of 410283?
True
Does 35 divide 3719870?
True
Is 8907922 a multiple of 19?
True
Does 17 divide 1570052?
True
Is 28014 a multiple of 58?
True
Does 90 divide 4484880?
True
Does 17 divide 259606?
False
Is 715412 a multiple of 24?
False
Does 167 divide 32087?
False
Does 29 divide 1178415?
True
Does 23 divide 930011?
False
Is 138825 a multiple of 2?
False
Is 7524033 a multiple of 123?
True
Does 32 divide 4095299?
False
Does 35 divide 3337923?
False
Is 167 a factor of 3062?
False
Is 3 a factor of 436074?
True
Is 16146186 a multiple of 399?
False
Is 178725 a multiple of 159?
False
Is 58168 a multiple of 11?
True
Is 96 a factor of 1863648?
True
Is 170 a factor of 223577?
False
Is 18 a factor of 46705?
False
Is 3 a factor of 30244?
False
Is 259546 a multiple of 171?
False
Is 332505 a multiple of 9?
True
Is 1263 a factor of 4532666?
False
Is 3 a factor of 7777?
False
Is 14 a factor of 381412?
False
Is 31337530 a multiple of 1435?
True
Does 12 divide 3948813?
False
Is 9 a factor of 3381173?
False
Does 22 divide 8022?
False
Does 16 divide 268928?
True
Does 79 divide 1292319?
False
Is 225080 a multiple of 4?
True
Does 74 divide 80873?
False
Does 205 divide 3905045?
True
Is 38 a factor of 552070?
False
Is 728917 a multiple of 707?
True
Is 116 a factor of 4972340?
True
Is 669900 a multiple of 102?
False
Is 3143970 a multiple of 1086?
True
Is 173374 a multiple of 43?
False
Is 18 a factor of 4645998?
True
Does 27 divide 3944349?
True
Is 578752 a multiple of 16?
True
Does 16 divide 185217?
False
Does 8 divide 12202665?
False
Is 1200 a factor of 4312800?
True
Does 13 divide 8730553?
True
Does 26 divide 380328?
True
Is 34 a factor of 212568?
True
Is 42312 a multiple of 12?
True
Is 71 a factor of 1941537?
False
Is 6916 a multiple of 26?
True
Is 296379 a multiple of 81?
True
Does 805 divide 828190?
False
Is 162305 a multiple of 55?
True
Does 113 divide 18598783?
True
Is 1046033 a multiple of 31?
True
Does 12 divide 352398?
False
Is 248 a factor of 1309064?
False
Is 16 a factor of 160064?
True
Is 1250538 a multiple of 9?
False
Does 11 divide 979563?
False
Is 6152466 a multiple of 19?
True
Does 904 divide 446576?
True
Is 398293 a multiple of 110?
False
Is 11 a factor of 266486?
True
Does 591 divide 1316777?
False
Is 12 a factor of 122442?
False
Is 27 a factor of 831924?
True
Does 32 divide 44960?
True
Is 440750 a multiple of 205?
True
Is 2 a factor of 213713?
False
Does 399 divide 4241810?
False
Is 3282434 a multiple of 52?
False
Does 13 divide 23085699?
True
Is 799720 a multiple of 34?
False
Is 62622 a multiple of 49?
True
Is 57 a factor of 84474?
True
Is 43 a factor of 8161787?
True
Is 9 a factor of 39789?
True
Does 19 divide 13800305?
False
Is 36 a factor of 4766292?
True
Is 7822974 a multiple of 749?
False
Is 8574838 a multiple of 13?
False
Is 15 a factor of 4478745?
True
Is 1971380 a multiple of 17?
False
Does 6 divide 56937?
False
Is 7 a factor of 182586?
False
Does 60 divide 48846?
False
Does 16 divide 287050?
False
Is 117335 a multiple of 53?
False
Is 6 a factor of 120756?
True
Is 46 a factor of 3094374?
True
Is 25 a factor of 58273?
False
Does 1760 divide 1254920?
False
Does 14 divide 498139?
False
Is 20 a factor of 597780?
True
Is 192943 even?
False
Does 23 divide 1194967?
False
Does 10 divide 176592?
False
Does 7 divide 1159508?
True
Does 31 divide 1543478?
False
Is 3 a factor of 705525?
True
Does 15 divide 78869?
False
Does 15 divide 407326?
False
Is 3 a factor of 4020?
True
Is 70 a factor of 537024?
False
Is 24364220 a multiple of 20?
True
Does 408 divide 17912097?
False
Is 82 a factor of 365884?
True
Does 20 divide 9290037?
False
Is 526 a factor of 2267060?
True
Is 287251 a multiple of 282?
False
Is 32652 a multiple of 54?
False
Is 2876652 a multiple of 12?
True
Is 1438360 a multiple of 220?
True
Is 3579350 a multiple of 85?
True
Is 16158380 a multiple of 35?
True
Is 58006 a multiple of 11?
False
Does 72 divide 418824?
True
Is 27 a factor of 255815?
False
Does 2089 divide 21389271?
True
Is 1399224 a multiple of 24?
True
Does 205 divide 8610?
True
Is 145010 a multiple of 10?
True
Is 59 a factor of 169851?
False
Does 23 divide 9763378?
False
Is 324 a factor of 3692628?
True
Is 344258 a multiple of 43?
True
Is 40 a factor of 34717320?
True
Is 344 a factor of 19328837?
False
Is 1100 a factor of 773300?
True
Is 137349 a multiple of 141?
False
Does 58 divide 2177952?
False
Is 1079416 even?
True
Does 1085 divide 1620990?
True
Is 555934 a multiple of 197?
True
Does 312 divide 166920?
True
Is 92 a factor of 21528?
True
Does 51 divide 89403?
True
Is 240 a factor of 309360?
True
Does 96 divide 29744887?
False
Does 34 divide 54434?
True
Is 33156 a multiple of 2?
True
Is 257544 a multiple of 233?
False
Does 17 divide 95030?
True
Does 799 divide 1883243?
True
Is 85411 a multiple of 70?
False
Is 31850 a multiple of 25?
True
Does 2 divide 1484?
True
Is 49133 a multiple of 38?
False
Is 2136801 a multiple of 96?
False
Does 4 divide 119240?
True
Does 10 divide 586170?
True
Does 8 divide 878602?
False
Is 12088698 a multiple of 1738?
False
Does 52 divide 378612?
True
Is 83 a factor of 114374?
True
Is 19246 a multiple of 4?
False
Is 176513 a multiple of 22?
False
Is 651694 a multiple of 31?
False
Does 23 divide 3146064?
False
Is 683298 a multiple of 66?
True
Does 46 divide 174754?
True
Does 13 divide 31408?
True
Does 80 divide 138961?
False
Is 896 a factor of 2545536?
True
Does 210 divide 6125280?
True
Is 53 a factor of 915628?
True
Is 14 a factor of 11046?
True
Does 25 divide 766575?
True
Is 89265 a multiple of 155?
False
Is 17 a factor of 2836518?
True
Is 6 a factor of 3237188?
False
Is 17 a factor of 10811429?
False
Is 10 a factor of 334101?
False
Is 145 a factor of 4816175?
True
Does 43 divide 22628836?
True
Is 153670 a multiple of 127?
True
Is 10 a factor of 770780?
True
Does 66 divide 3743190?
True
Is 6 a factor of 129613?
False
Is 108673 a multiple of 171?
False
Is 1183809 a multiple of 11?
True
Is 35 a factor of 2532734?
False
Is 15 a factor of 123405?
True
Does 62 divide 110976?
False
Is 377644 a multiple of 4?
True
Is 21531 a multiple of 28?
False
Is 11577